ose 5*d = 4*p - 7265 + 2569, g*p - 4*d - 4696 = 0. Is p composite?
True
Let m be (1 - 1)*(-3)/(1 + -4). Suppose -4*b + 35763 + 2201 = m. Is b composite?
False
Suppose -421*d + 4*v = -422*d + 100931, -302697 = -3*d + 4*v. Is d a prime number?
True
Let u(i) = 6*i - 2*i**3 - 19*i + 7*i - 42*i**2 + i - 11. Is u(-21) prime?
False
Suppose 0 = 2*q - 7 - 13. Let m(o) = 193*o + 31. Let s be m(q). Suppose -5*l = -s - 5624. Is l composite?
True
Suppose 3*p = -r + 3, 2*p + 5*r + 8 = r. Suppose -3*h + 4*g + 1549 = -p*h, -1544 = -h + 3*g. Is h composite?
True
Suppose 136*h = 18*h + 3558998. Is h a prime number?
True
Let z(r) = 5*r + 30. Let c(o) = -o**2 + 6*o + 19. Let l be c(9). Let h be z(l). Is (-499)/(5/h*2) a composite number?
False
Let d(p) = 125607*p**2 - p. Let y be d(-1). Suppose 4*g + g = -w + 31429, -10 = -2*g. Is ((-2)/3)/(y/w + -4) a prime number?
True
Suppose -38622 = -4*y + 9022. Is y composite?
True
Let f = -29 + 49. Let p be f/6 - 5/15. Let w(v) = 38*v**3 + 8*v**2 - 20*v + 1. Is w(p) prime?
True
Let b(f) = 51*f - 57. Let h = -22 + 30. Let a be b(h). Is a + (-3 - -6 - 4) + 3 a composite number?
False
Let g = 3548905 + -2261496. Is g a prime number?
False
Let h(j) = 7*j**2 - 5*j**2 - 2 - j - j + j**3. Let u be h(2). Suppose -u*x + 3817 = x. Is x a prime number?
True
Suppose 5*o = -4*h - 91, -h + 0 = -5*o + 4. Let s(t) = 8*t**2 - 21*t - 15. Let b be s(h). Suppose 40*a - 44*a = -b. Is a a prime number?
False
Let f(q) be the second derivative of -q**5/60 - q**4/12 + 211*q**3/6 - 17*q**2/2 - 21*q. Let b(s) be the first derivative of f(s). Is b(0) composite?
False
Let a(z) = 2*z**3 + 52*z**2 + 41*z + 1. Is a(38) a composite number?
False
Is 40477584/448 - (-15)/12 prime?
True
Suppose 0 = 3*a - 7*a - 0*a + 935348. Is a a prime number?
True
Suppose -4*f + x + 9 - 1 = 0, -3*f + x + 5 = 0. Suppose 3*h = -0*h - 5*q - 325, -f*q = -h - 85. Let m = h - -227. Is m composite?
False
Let u = -130963 + 695258. Is u prime?
False
Let t(c) = c**2 - 1. Let q be t(2). Suppose 4*s + q*p - 5*p - 1496 = 0, -2*s - 2*p = -742. Suppose -i = 4*a - 1489, -3*a + 3*i + 755 = -s. Is a a prime number?
True
Let v be 1/(-11)*-264057 + 86/(-473). Suppose o - 4*q = 9511, v = 4*o - q - 14099. Is o prime?
False
Let l be ((-1)/(6/268))/(26/117). Let x = 578 + l. Is x prime?
False
Let h(n) = 5*n + 24. Let s(i) = -3*i - 16. Let a(l) = 5*h(l) + 8*s(l). Let c be a(6). Is 5435/(-10)*-6 - c a prime number?
False
Let p(j) = 18*j + 4. Let w be p(4). Let z be (2478/5)/(w/(-40) - -2). Let h = z + -3191. Is h a composite number?
True
Suppose 8 = -c - 3*m, -3*m = -4*c + 18 - 5. Let i be (c + (-25)/10)/(2/(-4)). Suppose -i*b + 570 = -3*q, 2*b + b + q = 574. Is b a composite number?
False
Suppose -2 = -2*j + 7*q - 4*q, 2*j - 6 = q. Suppose -123 = -l + m, j*l + 5*m + 55 - 511 = 0. Is l a composite number?
True
Suppose 4*i - 4*d = 288748, -5*i + 288745 = -d - 72182. Is i prime?
False
Suppose 6*c = 94 + 13244. Suppose 0 = 6*k - 27141 + c. Is k prime?
True
Let a(i) = 11*i**3 - 43*i**2 + 214*i - 7443. Is a(58) composite?
False
Let w(c) = -155*c - 13. Let j = 19 - 16. Suppose -5*r - 4*u - 32 = -j*r, 3*u = 3*r + 3. Is w(r) composite?
True
Let h = 3515 + -1785. Let c = 4999 - h. Suppose -c = 7*w - 14*w. Is w prime?
True
Let o(v) = -28*v**2 - 13*v + 105. Let w(l) = -56*l**2 - 25*l + 210. Let h(m) = -5*o(m) + 2*w(m). Is h(-28) composite?
True
Let y(w) = w**3 + 17*w**2 + 5*w + 15. Suppose -8*j + 5*j = -9. Suppose -2*l + j*l + 36 = -5*m, 5*l + 88 = -2*m. Is y(l) composite?
False
Is 10 + 21010 + -9 - (-70)/(-7) a composite number?
False
Suppose 0 = -140*m + 99*m + 6204243. Is m prime?
False
Let u = -433 - -735. Suppose -o - 4*m + 462 = 0, -2*o + 3*m + u = -578. Is o composite?
True
Let c = 460 - 461. Is 0 + 5515/1 - (c + -3) a prime number?
True
Let o = 226889 - 107862. Is o a prime number?
True
Let x = 8497 - 2959. Let j = -2615 + x. Is j a composite number?
True
Let n(q) = -187*q**2 - 7*q + 3. Let s be n(8). Suppose -4*k - 5*h + 2241 - 33956 = 0, -4*h = -4*k - 31724. Let v = k - s. Is v prime?
True
Suppose -66 = -6*i - 5*i. Suppose i*d = -5*d + 14894. Suppose 0 = 5*q - 551 - d. Is q a composite number?
True
Let b be -85959 - 10/(-4)*2. Is (-69)/(-46)*(-1 + b/(-6)) composite?
False
Let c be (3 + -4)/(0 + -1). Let w be 26 - (4*1/2 - c). Let d = 1 + w. Is d composite?
True
Let d(i) = 123*i - 54. Let s(k) = -492*k + 217. Let v(g) = -9*d(g) - 2*s(g). Let p be v(-12). Let t = 2181 - p. Is t composite?
False
Let h = 6032 + -3578. Suppose o - 4*i - h + 795 = 0, 20 = -4*i. Is o a prime number?
False
Suppose j + 5*y = -487, 3*y + 762 = -j + 267. Let q = 886 + j. Is q a composite number?
False
Let s = 605 + -554. Suppose -s*a - 2384 = -67*a. Is a a composite number?
False
Let y(i) = 109*i**2 + 162*i + 2677. Is y(-16) composite?
True
Let i = -333 + 109. Is ((-14)/(i/(-24)))/(3/(-2284)) prime?
False
Let b(j) = j**3 - 30*j**2 - 138*j - 78. Let t be b(43). Let v = t - 10280. Is v a prime number?
False
Let r(g) = 35*g**2 + 62*g - 6. Let o be r(-7). Is (16 + o)/((-2)/(-2)) prime?
True
Suppose z + 2*k + 30922 - 146425 = 0, 6*k + 230986 = 2*z. Is z a prime number?
True
Suppose t = -5*b + 35, 6*b = 10*b + 3*t - 17. Let i be 6/12 + (-34)/(-4). Is i*193 + -4 + b a composite number?
False
Let f(z) = z + 14. Let t(c) = 2*c**2 - 10*c. Let b be t(4). Let j be f(b). Suppose j*g - 3074 - 5320 = 0. Is g a prime number?
True
Suppose 8*s - 16*s + 1171088 = 8*s. Is s a composite number?
True
Let y be (1 - 1)*(4 - 60/12). Suppose y = 2*g + 2*o - 11420, -2*g - 3*o = -15484 + 4067. Is g a composite number?
True
Suppose 0 = -2*h - 3*j + 379418, -2*h + 6*h - j = 758808. Is h prime?
False
Let o(a) be the second derivative of -68*a**3 - 141*a**2/2 - 116*a. Is o(-6) prime?
False
Let t = -42 - -45. Suppose -3 = -4*b - t. Suppose 0 = 5*c - 0 + 5, b = 2*m - 3*c - 2225. Is m a composite number?
True
Suppose -5*r + 4*a + 63 = 0, 3*a + 32 = 2*r - 2*a. Is (7/(-4))/(r + (-53373)/4852) a prime number?
False
Let r(y) = 698*y**3 + 4*y**2 - 10*y + 1. Suppose 3*v + 1 = 5*d, -2*d + v = -3 + 2. Is r(d) composite?
False
Let n = -92 - -88. Is 6/n*((-1318)/3 + -2) composite?
True
Suppose -4599 = -u - 582. Let k = u - 1822. Is k prime?
False
Is 30306 + (-21 + 23)/((6 + -2)/(-16)) prime?
False
Let u be (6 - 0)/((-7)/14). Is (-14759)/(-3) + u/18 composite?
False
Suppose 17*r - 246337 = -17*r + 2241545. Is r a prime number?
False
Let i be ((-14)/21)/(1*(-2)/15). Suppose 5*j - h - 6830 = -0*h, -1392 = -j - i*h. Is j prime?
True
Suppose 17 = 7*g - 4. Is 1*(2 - g)*-79 a composite number?
False
Let o(w) = 2*w**3 + 12*w**2 + 6*w + 1282729. Is o(0) composite?
True
Suppose -4*m - 3*r + 427 = -0*m, -5*m - r + 531 = 0. Suppose m*a - 98*a = 16152. Is a a composite number?
True
Suppose u - 144 = -3*t, 5*t - 3*u - 240 = -2*u. Let l = -46 + t. Let b(g) = 389*g**2 + 7*g - 11. Is b(l) a prime number?
True
Suppose -1151*t - 22719418 = -1207*t + 8024638. Is t a composite number?
False
Let k be (-40)/(-300) + 32/(-15). Let a(w) = 2705*w**2 + 16*w + 26. Is a(k) composite?
True
Let o = 197027 - 40460. Is o prime?
False
Let c(a) = -a**3 + 83*a**2 - 174*a - 293. Is c(45) a prime number?
False
Suppose -7*b - 25*b = 0. Suppose -5*t = b, 5*o - 8*o - 5*t + 1677 = 0. Is o a composite number?
True
Let i = 98 - 93. Suppose 8 = i*o - 2. Is (10/3)/(-1)*(-4101)/o a prime number?
False
Suppose -392*v + 54417308 = -1404668. Is v a prime number?
True
Let k(t) = 14640*t**3 - 18*t**2 + 24*t + 1. Is k(4) prime?
True
Is ((-13)/26)/(6774677/1129114 - 6) a composite number?
False
Let k be (122/(-6))/(9/(-324)). Suppose 2*v = k - 68. Suppose 3*z - 210 = -0*a + 3*a, a - v = -5*z. Is z composite?
False
Let z(q) = -54*q + 32 - q + 47. Let v = 19886 + -19910. Is z(v) prime?
True
Suppose 26*o - 76 - 28 = 0. Let j(y) = 60*y + 19 + 201*y - 4*y. Is j(o) prime?
False
Let c(h) = 22*h**2 + 33*h - 51. Is c(-70) composite?
True
Suppose -2*w + w = -15. Let h be w + -12 - 1*-586. Let z = 936 - h. Is z a composite number?
False
Suppose 7*g + 2*g - 31185 = 0. Suppose k - g - 5242 = 0. Is k prime?
True
Let w = 4795 + -8928. Is 7/42 + w/(-6) a composite number?
True
Let m be (-13 - -4)*1 + -3. Is (-18920)/m - 1/(-3) prime?
False
Let h = -58379 - -278646. Is h composite?
True
Let l = 3206 + 977. Is l a composite number?
True